der when 537412 is divided by 537289.
123
What is the remainder when 204890007 is divided by 181?
179
What is the remainder when 529700 is divided by 105935?
25
What is the remainder when 2419152 is divided by 36?
24
Calculate the remainder when 31924367 is divided by 17.
16
What is the remainder when 3064993 is divided by 95760?
673
Calculate the remainder when 139070099 is divided by 255.
239
What is the remainder when 12147365 is divided by 1551?
1484
What is the remainder when 9529258 is divided by 2470?
2468
What is the remainder when 1841100 is divided by 9?
6
Calculate the remainder when 9840 is divided by 655.
15
Calculate the remainder when 64962337 is divided by 1051.
27
Calculate the remainder when 3737452 is divided by 16685.
12
Calculate the remainder when 1058648 is divided by 4563.
32
Calculate the remainder when 167709 is divided by 1824.
1725
What is the remainder when 89030 is divided by 7419?
2
What is the remainder when 12637624 is divided by 84?
76
What is the remainder when 1457722 is divided by 595?
567
Calculate the remainder when 28921331 is divided by 63285.
86
What is the remainder when 473946 is divided by 9869?
234
Calculate the remainder when 169315 is divided by 3546.
2653
Calculate the remainder when 3009197 is divided by 57.
53
What is the remainder when 2870357 is divided by 321?
296
What is the remainder when 8301245 is divided by 69?
62
What is the remainder when 119009061 is divided by 1805?
1801
What is the remainder when 300519 is divided by 2686?
2373
Calculate the remainder when 365211 is divided by 939.
879
What is the remainder when 26865969 is divided by 8955316?
21
Calculate the remainder when 1173068 is divided by 1854.
1340
What is the remainder when 199656 is divided by 24922?
280
Calculate the remainder when 40891749 is divided by 105.
24
Calculate the remainder when 10445820 is divided by 65.
60
What is the remainder when 10199 is divided by 8726?
1473
Calculate the remainder when 5622861 is divided by 3586.
13
What is the remainder when 7300992 is divided by 411?
399
What is the remainder when 22993 is divided by 221?
9
What is the remainder when 128041 is divided by 1703?
316
Calculate the remainder when 16477829 is divided by 1087.
1083
What is the remainder when 3241937 is divided by 1377?
479
Calculate the remainder when 12224 is divided by 11422.
802
What is the remainder when 75575 is divided by 2243?
1556
Calculate the remainder when 823184 is divided by 822532.
652
What is the remainder when 4289041 is divided by 102?
43
What is the remainder when 1020431 is divided by 169950?
731
What is the remainder when 8006432 is divided by 2668742?
206
What is the remainder when 29371199 is divided by 23?
15
What is the remainder when 2169830 is divided by 29720?
270
What is the remainder when 1103764 is divided by 220736?
84
Calculate the remainder when 26916915 is divided by 4074.
4071
What is the remainder when 32087990 is divided by 401?
371
What is the remainder when 2246345 is divided by 449268?
5
What is the remainder when 501252 is divided by 6188?
24
Calculate the remainder when 1036776 is divided by 89.
15
What is the remainder when 170879 is divided by 42662?
231
What is the remainder when 1956040 is divided by 273?
268
What is the remainder when 1297306 is divided by 2276?
2262
Calculate the remainder when 155789 is divided by 155453.
336
Calculate the remainder when 464220 is divided by 154546.
582
What is the remainder when 1345086 is divided by 2661?
1281
Calculate the remainder when 24492 is divided by 1743.
90
What is the remainder when 129967 is divided by 31?
15
What is the remainder when 22094 is divided by 10852?
390
Calculate the remainder when 2782456 is divided by 5499.
5461
Calculate the remainder when 18445680 is divided by 281.
278
Calculate the remainder when 1303005 is divided by 114.
99
What is the remainder when 634001499 is divided by 550?
549
What is the remainder when 1387158 is divided by 860?
838
What is the remainder when 83914 is divided by 83818?
96
Calculate the remainder when 76398261 is divided by 434.
373
Calculate the remainder when 11784973 is divided by 3028.
3025
What is the remainder when 10431210 is divided by 503?
499
Calculate the remainder when 3141531 is divided by 145.
106
Calculate the remainder when 37456 is divided by 471.
247
What is the remainder when 20130 is divided by 3731?
1475
What is the remainder when 199817 is divided by 709?
588
What is the remainder when 26313 is divided by 25313?
1000
Calculate the remainder when 338834 is divided by 338370.
464
Calculate the remainder when 287190715 is divided by 15.
10
What is the remainder when 2806882 is divided by 405?
232
Calculate the remainder when 78554 is divided by 565.
19
Calculate the remainder when 38902 is divided by 418.
28
What is the remainder when 51120 is divided by 3932?
4
What is the remainder when 3352415 is divided by 838102?
7
Calculate the remainder when 321707 is divided by 40163.
403
Calculate the remainder when 2608053 is divided by 868843.
1524
Calculate the remainder when 124626962 is divided by 1416215.
42
What is the remainder when 14618021 is divided by 59?
4
Calculate the remainder when 430363 is divided by 367.
239
Calculate the remainder when 613395 is divided by 27758.
2719
What is the remainder when 789917 is divided by 109?
103
What is the remainder when 333328972 is divided by 33?
31
Calculate the remainder when 467096 is divided by 116772.
8
Calculate the remainder when 89359847 is divided by 67.
4
What is the remainder when 767482 is divided by 1063?
1059
What is the remainder when 3100925 is divided by 96903?
29
What is the remainder when 51291 is divided by 16517?
1740
What is the remainder when 591460 is divided by 14419?
281
What is the remainder when 43350 is divided by 1269?
204
What is the remainder when 683538 is divided by 274?
182
What is the remainder when 45915264 is divided by 109?
104
Calculate the remainder when 2298839 is divided by 74156.
3
Calculate the remainder when 2516241 is divided by 4258.
4021
Calculate the remainder when 32146868 is divided by 1610.
1608
Calculate the remainder when 74808777 is divided by 115.
12
Calculate the remainder when 4373442 is divided by 1368.
1314
Calculate the remainder when 181956982 is divided by 542.
536
What is the remainder when 155666706 is divided by 1928?
1914
Calculate the remainder when 2941522 is divided by 1212.
1210
What is the remainder when 102646 is divided by 7888?
102
Calculate the remainder when 572669 is divided by 71534.
397
What is the remainder when 5503 is divided by 2218?
1067
What is the remainder when 598734 is divided by 59868?
54
What is the remainder when 114175 is divided by 17743?
7717
Calculate the remainder when 60381 is divided by 30135.
111
What is the remainder when 15824 is divided by 1611?
1325
What is the remainder when 12005485 is divided by 1091407?
8
What is the remainder when 1205750 is divided by 80?
70
What is the remainder when 60963045 is divided by 2034?
2031
Calculate the remainder when 92921 is divided by 15480.
41
Calculate the remainder when 113115 is divided by 112224.
891
What is the remainder when 988577 is divided by 588?
149
What is the remainder when 11354921 is divided by 879?
878
Calculate the remainder when 156349789 is divided by 25.
14
What is the remainder when 9527770 is divided by 1403?
1400
What is the remainder when 787072 is divided by 87441?
103
Calculate the remainder when 60368 is divided by 510.
188
Calculate the remainder when 157332 is divided by 4370.
12
Calculate the remainder when 8376 is divided by 178.
10
Calculate the remainder when 2098898 is divided by 631.
192
Calculate the remainder when 1010582 is divided by 168425.
32
What is the remainder when 37401315 is divided by 1987?
14
What is the remainder when 23206780 is divided by 64?
60
What is the remainder when 4072502 is divided by 1527?
1520
What is the remainder when 532291 is divided by 66?
1
Calculate the remainder when 4904446 is divided by 48.
46
Calculate the remainder when 6591715 is divided by 60.
55
What is the remainder when 11449933 is divided by 1467?
1465
What is the remainder when 46901 is divided by 1743?
1583
Calculate the remainder when 14922